{"id":2,"date":"2016-05-10T03:48:21","date_gmt":"2016-05-10T03:48:21","guid":{"rendered":"http:\/\/familie-kreis.com\/?page_id=2"},"modified":"2017-06-17T21:41:24","modified_gmt":"2017-06-17T19:41:24","slug":"sample-page","status":"publish","type":"page","link":"http:\/\/familie-kreis.com\/?page_id=2","title":{"rendered":"Unser Jahr 2017"},"content":{"rendered":"<h1>Hier sehr ihr was wir in 2017 so alles unternommen haben. Viel Spa\u00df dabei!<\/h1>\n<p>(Bitte Seiten im Pull-Down-Men\u00fc oben ausw\u00e4hlen)<\/p>\n","protected":false},"excerpt":{"rendered":"<p>Hier sehr ihr was wir in 2017 so alles unternommen haben. Viel Spa\u00df dabei! (Bitte Seiten im Pull-Down-Men\u00fc oben ausw\u00e4hlen)<\/p>\n","protected":false},"author":1,"featured_media":399,"parent":0,"menu_order":0,"comment_status":"closed","ping_status":"open","template":"","meta":{"footnotes":""},"_links":{"self":[{"href":"http:\/\/familie-kreis.com\/index.php?rest_route=\/wp\/v2\/pages\/2"}],"collection":[{"href":"http:\/\/familie-kreis.com\/index.php?rest_route=\/wp\/v2\/pages"}],"about":[{"href":"http:\/\/familie-kreis.com\/index.php?rest_route=\/wp\/v2\/types\/page"}],"author":[{"embeddable":true,"href":"http:\/\/familie-kreis.com\/index.php?rest_route=\/wp\/v2\/users\/1"}],"replies":[{"embeddable":true,"href":"http:\/\/familie-kreis.com\/index.php?rest_route=%2Fwp%2Fv2%2Fcomments&post=2"}],"version-history":[{"count":5,"href":"http:\/\/familie-kreis.com\/index.php?rest_route=\/wp\/v2\/pages\/2\/revisions"}],"predecessor-version":[{"id":1342,"href":"http:\/\/familie-kreis.com\/index.php?rest_route=\/wp\/v2\/pages\/2\/revisions\/1342"}],"wp:featuredmedia":[{"embeddable":true,"href":"http:\/\/familie-kreis.com\/index.php?rest_route=\/wp\/v2\/media\/399"}],"wp:attachment":[{"href":"http:\/\/familie-kreis.com\/index.php?rest_route=%2Fwp%2Fv2%2Fmedia&parent=2"}],"curies":[{"name":"wp","href":"https:\/\/api.w.org\/{rel}","templated":true}]}}